{"id":2019,"date":"2022-07-24T19:36:09","date_gmt":"2022-07-24T17:36:09","guid":{"rendered":"https:\/\/collectif-louves.fr\/?page_id=2019"},"modified":"2022-12-20T01:45:21","modified_gmt":"2022-12-20T00:45:21","slug":"rimbaud","status":"publish","type":"page","link":"http:\/\/collectif-louves.fr\/?page_id=2019","title":{"rendered":"Rimbaud"},"content":{"rendered":"\t\t<div data-elementor-type=\"wp-page\" data-elementor-id=\"2019\" class=\"elementor elementor-2019\">\n\t\t\t\t\t\t\t\t\t<section class=\"elementor-section elementor-top-section elementor-element elementor-element-722ef93d elementor-section-boxed elementor-section-height-default elementor-section-height-default\" data-id=\"722ef93d\" data-element_type=\"section\">\n\t\t\t\t\t\t<div class=\"elementor-container elementor-column-gap-default\">\n\t\t\t\t\t<div class=\"elementor-column elementor-col-100 elementor-top-column elementor-element elementor-element-bc1b3aa\" data-id=\"bc1b3aa\" data-element_type=\"column\">\n\t\t\t<div class=\"elementor-widget-wrap\">\n\t\t\t\t\t\t\t\t\t<\/div>\n\t\t<\/div>\n\t\t\t\t\t\t\t<\/div>\n\t\t<\/section>\n\t\t\t\t<section class=\"elementor-section elementor-top-section elementor-element elementor-element-c9f64e2 elementor-section-boxed elementor-section-height-default elementor-section-height-default\" data-id=\"c9f64e2\" data-element_type=\"section\" data-settings=\"{&quot;background_background&quot;:&quot;classic&quot;}\">\n\t\t\t\t\t\t<div class=\"elementor-container elementor-column-gap-default\">\n\t\t\t\t\t<div class=\"elementor-column elementor-col-100 elementor-top-column elementor-element elementor-element-0c09882\" data-id=\"0c09882\" data-element_type=\"column\">\n\t\t\t<div class=\"elementor-widget-wrap elementor-element-populated\">\n\t\t\t\t\t\t\t\t<div class=\"elementor-element elementor-element-6095832 elementor-widget elementor-widget-image\" data-id=\"6095832\" data-element_type=\"widget\" data-widget_type=\"image.default\">\n\t\t\t\t<div class=\"elementor-widget-container\">\n\t\t\t<style>\/*! elementor - v3.6.7 - 03-07-2022 *\/\n.elementor-widget-image{text-align:center}.elementor-widget-image a{display:inline-block}.elementor-widget-image a img[src$=\".svg\"]{width:48px}.elementor-widget-image img{vertical-align:middle;display:inline-block}<\/style>\t\t\t\t\t\t\t\t\t\t\t\t<img width=\"741\" height=\"164\" src=\"http:\/\/collectif-louves.fr\/wp-content\/uploads\/2022\/07\/TITRE-9.png\" class=\"attachment-full size-full\" alt=\"\" loading=\"lazy\" srcset=\"http:\/\/collectif-louves.fr\/wp-content\/uploads\/2022\/07\/TITRE-9.png 741w, http:\/\/collectif-louves.fr\/wp-content\/uploads\/2022\/07\/TITRE-9-480x106.png 480w\" sizes=\"(min-width: 0px) and (max-width: 480px) 480px, (min-width: 481px) 741px, 100vw\" \/>\t\t\t\t\t\t\t\t\t\t\t\t\t\t\t<\/div>\n\t\t\t\t<\/div>\n\t\t\t\t<div class=\"elementor-element elementor-element-943f5d2 elementor-aspect-ratio-169 elementor-widget elementor-widget-video\" data-id=\"943f5d2\" data-element_type=\"widget\" data-settings=\"{&quot;video_type&quot;:&quot;hosted&quot;,&quot;controls&quot;:&quot;yes&quot;,&quot;aspect_ratio&quot;:&quot;169&quot;}\" data-widget_type=\"video.default\">\n\t\t\t\t<div class=\"elementor-widget-container\">\n\t\t\t<style>\/*! elementor - v3.6.7 - 03-07-2022 *\/\n.elementor-widget-video .elementor-widget-container{overflow:hidden;-webkit-transform:translateZ(0);transform:translateZ(0)}.elementor-widget-video .elementor-open-inline .elementor-custom-embed-image-overlay{position:absolute;top:0;left:0;width:100%;height:100%;background-size:cover;background-position:50%}.elementor-widget-video .elementor-custom-embed-image-overlay{cursor:pointer;text-align:center}.elementor-widget-video .elementor-custom-embed-image-overlay:hover .elementor-custom-embed-play i{opacity:1}.elementor-widget-video .elementor-custom-embed-image-overlay img{display:block;width:100%}.elementor-widget-video .e-hosted-video .elementor-video{-o-object-fit:cover;object-fit:cover}<\/style>\t\t<div class=\"e-hosted-video elementor-wrapper elementor-fit-aspect-ratio elementor-open-inline\">\n\t\t\t\t\t<video class=\"elementor-video\" src=\"http:\/\/collectif-louves.fr\/wp-content\/uploads\/2022\/07\/47430361_2034765090148512_3512860206734245888_n-1-2-1.mp4\" controls=\"\" controlsList=\"nodownload\"><\/video>\n\t\t\t\t<\/div>\n\t\t\t\t<\/div>\n\t\t\t\t<\/div>\n\t\t\t\t<div class=\"elementor-element elementor-element-ec58795 elementor-widget elementor-widget-image\" data-id=\"ec58795\" data-element_type=\"widget\" data-widget_type=\"image.default\">\n\t\t\t\t<div class=\"elementor-widget-container\">\n\t\t\t\t\t\t\t\t\t\t\t\t\t\t\t<img width=\"431\" height=\"59\" src=\"http:\/\/collectif-louves.fr\/wp-content\/uploads\/2022\/07\/INTENTION.png\" class=\"attachment-full size-full\" alt=\"\" loading=\"lazy\" srcset=\"http:\/\/collectif-louves.fr\/wp-content\/uploads\/2022\/07\/INTENTION.png 431w, http:\/\/collectif-louves.fr\/wp-content\/uploads\/2022\/07\/INTENTION-300x41.png 300w\" sizes=\"(max-width: 431px) 100vw, 431px\" \/>\t\t\t\t\t\t\t\t\t\t\t\t\t\t\t<\/div>\n\t\t\t\t<\/div>\n\t\t\t\t<div class=\"elementor-element elementor-element-b80cfa9 elementor-widget elementor-widget-text-editor\" data-id=\"b80cfa9\" data-element_type=\"widget\" data-widget_type=\"text-editor.default\">\n\t\t\t\t<div class=\"elementor-widget-container\">\n\t\t\t<style>\/*! elementor - v3.6.7 - 03-07-2022 *\/\n.elementor-widget-text-editor.elementor-drop-cap-view-stacked .elementor-drop-cap{background-color:#818a91;color:#fff}.elementor-widget-text-editor.elementor-drop-cap-view-framed .elementor-drop-cap{color:#818a91;border:3px solid;background-color:transparent}.elementor-widget-text-editor:not(.elementor-drop-cap-view-default) .elementor-drop-cap{margin-top:8px}.elementor-widget-text-editor:not(.elementor-drop-cap-view-default) .elementor-drop-cap-letter{width:1em;height:1em}.elementor-widget-text-editor .elementor-drop-cap{float:left;text-align:center;line-height:1;font-size:50px}.elementor-widget-text-editor .elementor-drop-cap-letter{display:inline-block}<\/style>\t\t\t\t<p class=\"x_ydp1b9006ddMsoNormal\">Ce voyage nocturne parmi les de\u0301mons rimbaldiens est une lecture a\u0300 9 voix du cre\u0301puscule a\u0300 l\u2019aube de l\u2019\u0153uvre inte\u0301grale de l\u2019auteur. La parole se passe, comme un flambeau, d\u2019une femme a\u0300 l\u2019autre &#8211; faisant plonger les spectateur-ices au c\u0153ur de la nuit. Iels s\u2019assoupissent, re\u0302vent, cauchemardent durant 10 heures, berce\u0301.es par les voix chime\u0301riques des lectrices.\u00a0<br \/><br \/>RIMBAUD est une performance n\u00e9e du d\u00e9sir de traverser ensemble l\u2019\u0153uvre de l\u2019auteur, si intemporelle. C\u2019est l\u2019envie de porter aux l\u00e8vres et aux oreilles cette ode \u00e0 l\u2019amour, aux plaisirs charnels, \u00e0 la jeunesse, \u00e0 la vie et \u00e0 la mort, comme un chant \u00e9ternel.<\/p><p class=\"x_ydp1b9006ddMsoNormal\" aria-hidden=\"true\">\u00a0<\/p>\t\t\t\t\t\t<\/div>\n\t\t\t\t<\/div>\n\t\t\t\t\t<\/div>\n\t\t<\/div>\n\t\t\t\t\t\t\t<\/div>\n\t\t<\/section>\n\t\t\t\t<section class=\"elementor-section elementor-top-section elementor-element elementor-element-6664a79 elementor-section-boxed elementor-section-height-default elementor-section-height-default\" data-id=\"6664a79\" data-element_type=\"section\" data-settings=\"{&quot;background_background&quot;:&quot;classic&quot;}\">\n\t\t\t\t\t\t<div class=\"elementor-container elementor-column-gap-default\">\n\t\t\t\t\t<div class=\"elementor-column elementor-col-100 elementor-top-column elementor-element elementor-element-ffcdd22\" data-id=\"ffcdd22\" data-element_type=\"column\">\n\t\t\t<div class=\"elementor-widget-wrap elementor-element-populated\">\n\t\t\t\t\t\t\t\t<div class=\"elementor-element elementor-element-97680fd elementor-widget elementor-widget-image\" data-id=\"97680fd\" data-element_type=\"widget\" data-widget_type=\"image.default\">\n\t\t\t\t<div class=\"elementor-widget-container\">\n\t\t\t\t\t\t\t\t\t\t\t\t\t\t\t<img width=\"1726\" height=\"501\" src=\"http:\/\/collectif-louves.fr\/wp-content\/uploads\/2022\/11\/Mask-group-13.png\" class=\"attachment-full size-full\" alt=\"\" loading=\"lazy\" srcset=\"http:\/\/collectif-louves.fr\/wp-content\/uploads\/2022\/11\/Mask-group-13.png 1726w, http:\/\/collectif-louves.fr\/wp-content\/uploads\/2022\/11\/Mask-group-13-1280x372.png 1280w, http:\/\/collectif-louves.fr\/wp-content\/uploads\/2022\/11\/Mask-group-13-980x284.png 980w, http:\/\/collectif-louves.fr\/wp-content\/uploads\/2022\/11\/Mask-group-13-480x139.png 480w\" sizes=\"(min-width: 0px) and (max-width: 480px) 480px, (min-width: 481px) and (max-width: 980px) 980px, (min-width: 981px) and (max-width: 1280px) 1280px, (min-width: 1281px) 1726px, 100vw\" \/>\t\t\t\t\t\t\t\t\t\t\t\t\t\t\t<\/div>\n\t\t\t\t<\/div>\n\t\t\t\t\t<\/div>\n\t\t<\/div>\n\t\t\t\t\t\t\t<\/div>\n\t\t<\/section>\n\t\t\t\t<section class=\"elementor-section elementor-top-section elementor-element elementor-element-d916a12 elementor-section-boxed elementor-section-height-default elementor-section-height-default\" data-id=\"d916a12\" data-element_type=\"section\" data-settings=\"{&quot;background_background&quot;:&quot;classic&quot;}\">\n\t\t\t\t\t\t<div class=\"elementor-container elementor-column-gap-default\">\n\t\t\t\t\t<div class=\"elementor-column elementor-col-100 elementor-top-column elementor-element elementor-element-3ffb161\" data-id=\"3ffb161\" data-element_type=\"column\">\n\t\t\t<div class=\"elementor-widget-wrap elementor-element-populated\">\n\t\t\t\t\t\t\t\t<div class=\"elementor-element elementor-element-4a45bce elementor-widget elementor-widget-text-editor\" data-id=\"4a45bce\" data-element_type=\"widget\" data-widget_type=\"text-editor.default\">\n\t\t\t\t<div class=\"elementor-widget-container\">\n\t\t\t\t\t\t\t<p class=\"x_ydp1b9006ddMsoNormal\">Conception et mise en lecture \/\u00a0<b>Cyrielle Rayet<\/b><\/p><p class=\"x_ydp1b9006ddMsoNormal\">Interpr\u00e8tes \/\u00a0<b>Coline B\u00e9al, Sophie Braem-Vasco, L\u00e9na Dangr\u00e9aux, Lola Gutierrez, Laure Marion, Candice Mechaly, Lisa Mondon, Florie Toffin, Cyrielle Rayet<\/b><\/p><p class=\"x_ydp1b9006ddMsoNormal\">Sc\u00e9nographes \/\u00a0<b>Anne Marchais, Sarah Smets-Bouloc,\u00a0Cl\u00e9mentine Stab<\/b><\/p><div>Repr\u00e9sentations \/\u00a0<b>Festival 48h au Sel (S\u00e8vres)<\/b><\/div>\t\t\t\t\t\t<\/div>\n\t\t\t\t<\/div>\n\t\t\t\t\t<\/div>\n\t\t<\/div>\n\t\t\t\t\t\t\t<\/div>\n\t\t<\/section>\n\t\t\t\t<section class=\"elementor-section elementor-top-section elementor-element elementor-element-8e4a3fe elementor-section-boxed elementor-section-height-default elementor-section-height-default\" data-id=\"8e4a3fe\" data-element_type=\"section\" data-settings=\"{&quot;background_background&quot;:&quot;classic&quot;}\">\n\t\t\t\t\t\t<div class=\"elementor-container elementor-column-gap-default\">\n\t\t\t\t\t<div class=\"elementor-column elementor-col-100 elementor-top-column elementor-element elementor-element-75759d9\" data-id=\"75759d9\" data-element_type=\"column\">\n\t\t\t<div class=\"elementor-widget-wrap elementor-element-populated\">\n\t\t\t\t\t\t\t\t<div class=\"elementor-element elementor-element-0ca6d76 elementor-widget elementor-widget-image\" data-id=\"0ca6d76\" data-element_type=\"widget\" data-widget_type=\"image.default\">\n\t\t\t\t<div class=\"elementor-widget-container\">\n\t\t\t\t\t\t\t\t\t\t\t\t\t\t\t<img width=\"750\" height=\"409\" src=\"http:\/\/collectif-louves.fr\/wp-content\/uploads\/2022\/11\/rectangle-a\u0300-la-place-de-la-vide\u0301o-bas-de-page.jpg\" class=\"attachment-large size-large\" alt=\"\" loading=\"lazy\" srcset=\"http:\/\/collectif-louves.fr\/wp-content\/uploads\/2022\/11\/rectangle-a\u0300-la-place-de-la-vide\u0301o-bas-de-page.jpg 750w, http:\/\/collectif-louves.fr\/wp-content\/uploads\/2022\/11\/rectangle-a\u0300-la-place-de-la-vide\u0301o-bas-de-page-300x164.jpg 300w, http:\/\/collectif-louves.fr\/wp-content\/uploads\/2022\/11\/rectangle-a\u0300-la-place-de-la-vide\u0301o-bas-de-page-480x262.jpg 480w\" sizes=\"(max-width: 750px) 100vw, 750px\" \/>\t\t\t\t\t\t\t\t\t\t\t\t\t\t\t<\/div>\n\t\t\t\t<\/div>\n\t\t\t\t\t<\/div>\n\t\t<\/div>\n\t\t\t\t\t\t\t<\/div>\n\t\t<\/section>\n\t\t\t\t<section class=\"elementor-section elementor-top-section elementor-element elementor-element-b7488c7 elementor-section-boxed elementor-section-height-default elementor-section-height-default\" data-id=\"b7488c7\" data-element_type=\"section\">\n\t\t\t\t\t\t<div class=\"elementor-container elementor-column-gap-default\">\n\t\t\t\t\t<div class=\"elementor-column elementor-col-100 elementor-top-column elementor-element elementor-element-d31ad66\" data-id=\"d31ad66\" data-element_type=\"column\">\n\t\t\t<div class=\"elementor-widget-wrap elementor-element-populated\">\n\t\t\t\t\t\t\t\t<section class=\"elementor-section elementor-inner-section elementor-element elementor-element-42298e4 elementor-section-full_width elementor-section-height-default elementor-section-height-default\" data-id=\"42298e4\" data-element_type=\"section\">\n\t\t\t\t\t\t\t<div class=\"elementor-background-overlay\"><\/div>\n\t\t\t\t\t\t\t<div class=\"elementor-container elementor-column-gap-default\">\n\t\t\t\t\t<div class=\"elementor-column elementor-col-33 elementor-inner-column elementor-element elementor-element-7a0c47d\" data-id=\"7a0c47d\" data-element_type=\"column\">\n\t\t\t<div class=\"elementor-widget-wrap elementor-element-populated\">\n\t\t\t\t\t\t\t\t<div class=\"elementor-element elementor-element-cb6489e elementor-widget elementor-widget-image\" data-id=\"cb6489e\" data-element_type=\"widget\" data-widget_type=\"image.default\">\n\t\t\t\t<div class=\"elementor-widget-container\">\n\t\t\t\t\t\t\t\t\t\t\t\t\t\t\t\t<a href=\"https:\/\/www.facebook.com\/collectif.louves\">\n\t\t\t\t\t\t\t<img width=\"49\" height=\"45\" src=\"http:\/\/collectif-louves.fr\/wp-content\/uploads\/2022\/07\/124010-1.png\" class=\"attachment-full size-full\" alt=\"\" loading=\"lazy\" \/>\t\t\t\t\t\t\t\t<\/a>\n\t\t\t\t\t\t\t\t\t\t\t\t\t\t\t<\/div>\n\t\t\t\t<\/div>\n\t\t\t\t\t<\/div>\n\t\t<\/div>\n\t\t\t\t<div class=\"elementor-column elementor-col-33 elementor-inner-column elementor-element elementor-element-3912211\" data-id=\"3912211\" data-element_type=\"column\">\n\t\t\t<div class=\"elementor-widget-wrap elementor-element-populated\">\n\t\t\t\t\t\t\t\t<div class=\"elementor-element elementor-element-82df0ee elementor-widget elementor-widget-image\" data-id=\"82df0ee\" data-element_type=\"widget\" data-widget_type=\"image.default\">\n\t\t\t\t<div class=\"elementor-widget-container\">\n\t\t\t\t\t\t\t\t\t\t\t\t\t\t\t\t<a href=\"https:\/\/www.instagram.com\/collectif.louves\/\">\n\t\t\t\t\t\t\t<img width=\"49\" height=\"44\" src=\"http:\/\/collectif-louves.fr\/wp-content\/uploads\/2022\/07\/87390-1.png\" class=\"attachment-full size-full\" alt=\"\" loading=\"lazy\" \/>\t\t\t\t\t\t\t\t<\/a>\n\t\t\t\t\t\t\t\t\t\t\t\t\t\t\t<\/div>\n\t\t\t\t<\/div>\n\t\t\t\t\t<\/div>\n\t\t<\/div>\n\t\t\t\t<div class=\"elementor-column elementor-col-33 elementor-inner-column elementor-element elementor-element-f944f68\" data-id=\"f944f68\" data-element_type=\"column\">\n\t\t\t<div class=\"elementor-widget-wrap elementor-element-populated\">\n\t\t\t\t\t\t\t\t<div class=\"elementor-element elementor-element-ee02e52 elementor-widget elementor-widget-image\" data-id=\"ee02e52\" data-element_type=\"widget\" data-widget_type=\"image.default\">\n\t\t\t\t<div class=\"elementor-widget-container\">\n\t\t\t\t\t\t\t\t\t\t\t\t\t\t\t\t<a href=\"https:\/\/twitter.com\/collectiflouves?s=21&#038;t=DJWiUvN_MkA_AItMXfEi6g\">\n\t\t\t\t\t\t\t<img width=\"55\" height=\"48\" src=\"http:\/\/collectif-louves.fr\/wp-content\/uploads\/2022\/07\/Twitter_Bird-1.png\" class=\"attachment-full size-full\" alt=\"\" loading=\"lazy\" \/>\t\t\t\t\t\t\t\t<\/a>\n\t\t\t\t\t\t\t\t\t\t\t\t\t\t\t<\/div>\n\t\t\t\t<\/div>\n\t\t\t\t\t<\/div>\n\t\t<\/div>\n\t\t\t\t\t\t\t<\/div>\n\t\t<\/section>\n\t\t\t\t\t<\/div>\n\t\t<\/div>\n\t\t\t\t\t\t\t<\/div>\n\t\t<\/section>\n\t\t\t\t\t\t\t<\/div>\n\t\t","protected":false},"excerpt":{"rendered":"<p>http:\/\/collectif-louves.fr\/wp-content\/uploads\/2022\/07\/47430361_2034765090148512_3512860206734245888_n-1-2-1.mp4 Ce voyage nocturne parmi les de\u0301mons rimbaldiens est une lecture a\u0300 9 voix du cre\u0301puscule a\u0300 l\u2019aube de l\u2019\u0153uvre inte\u0301grale de l\u2019auteur. La parole se passe, comme un flambeau, d\u2019une femme a\u0300 l\u2019autre &#8211; faisant plonger les spectateur-ices au c\u0153ur de la nuit. Iels s\u2019assoupissent, re\u0302vent, cauchemardent durant 10 heures, berce\u0301.es par les voix [&hellip;]<\/p>\n","protected":false},"author":1,"featured_media":0,"parent":0,"menu_order":0,"comment_status":"closed","ping_status":"closed","template":"","meta":{"_et_pb_use_builder":"on","_et_pb_old_content":"","_et_gb_content_width":"","_monsterinsights_skip_tracking":false,"_monsterinsights_sitenote_active":false,"_monsterinsights_sitenote_note":"","_monsterinsights_sitenote_category":0},"yoast_head":"<!-- This site is optimized with the Yoast SEO plugin v17.1 - https:\/\/yoast.com\/wordpress\/plugins\/seo\/ -->\n<title>Rimbaud - Collectif LOUVES\/<\/title>\n<meta name=\"robots\" content=\"index, follow, max-snippet:-1, max-image-preview:large, max-video-preview:-1\" \/>\n<link rel=\"canonical\" href=\"http:\/\/collectif-louves.fr\/?page_id=2019\" \/>\n<meta property=\"og:locale\" content=\"fr_FR\" \/>\n<meta property=\"og:type\" content=\"article\" \/>\n<meta property=\"og:title\" content=\"Rimbaud - Collectif LOUVES\/\" \/>\n<meta property=\"og:description\" content=\"http:\/\/collectif-louves.fr\/wp-content\/uploads\/2022\/07\/47430361_2034765090148512_3512860206734245888_n-1-2-1.mp4 Ce voyage nocturne parmi les de\u0301mons rimbaldiens est une lecture a\u0300 9 voix du cre\u0301puscule a\u0300 l\u2019aube de l\u2019\u0153uvre inte\u0301grale de l\u2019auteur. La parole se passe, comme un flambeau, d\u2019une femme a\u0300 l\u2019autre &#8211; faisant plonger les spectateur-ices au c\u0153ur de la nuit. Iels s\u2019assoupissent, re\u0302vent, cauchemardent durant 10 heures, berce\u0301.es par les voix [&hellip;]\" \/>\n<meta property=\"og:url\" content=\"http:\/\/collectif-louves.fr\/?page_id=2019\" \/>\n<meta property=\"og:site_name\" content=\"Collectif LOUVES\/\" \/>\n<meta property=\"article:modified_time\" content=\"2022-12-20T00:45:21+00:00\" \/>\n<meta property=\"og:image\" content=\"http:\/\/collectif-louves.fr\/wp-content\/uploads\/2022\/07\/TITRE-9.png\" \/>\n<meta name=\"twitter:card\" content=\"summary_large_image\" \/>\n<meta name=\"twitter:label1\" content=\"Dur\u00e9e de lecture est.\" \/>\n\t<meta name=\"twitter:data1\" content=\"3 minutes\" \/>\n<script type=\"application\/ld+json\" class=\"yoast-schema-graph\">{\"@context\":\"https:\/\/schema.org\",\"@graph\":[{\"@type\":\"WebSite\",\"@id\":\"http:\/\/collectif-louves.fr\/#website\",\"url\":\"http:\/\/collectif-louves.fr\/\",\"name\":\"Collectif LOUVES\/\",\"description\":\"\",\"potentialAction\":[{\"@type\":\"SearchAction\",\"target\":{\"@type\":\"EntryPoint\",\"urlTemplate\":\"http:\/\/collectif-louves.fr\/?s={search_term_string}\"},\"query-input\":\"required name=search_term_string\"}],\"inLanguage\":\"fr-FR\"},{\"@type\":\"ImageObject\",\"@id\":\"http:\/\/collectif-louves.fr\/?page_id=2019#primaryimage\",\"inLanguage\":\"fr-FR\",\"url\":\"http:\/\/collectif-louves.fr\/wp-content\/uploads\/2022\/07\/TITRE-9.png\",\"contentUrl\":\"http:\/\/collectif-louves.fr\/wp-content\/uploads\/2022\/07\/TITRE-9.png\",\"width\":741,\"height\":164},{\"@type\":\"WebPage\",\"@id\":\"http:\/\/collectif-louves.fr\/?page_id=2019#webpage\",\"url\":\"http:\/\/collectif-louves.fr\/?page_id=2019\",\"name\":\"Rimbaud - Collectif LOUVES\/\",\"isPartOf\":{\"@id\":\"http:\/\/collectif-louves.fr\/#website\"},\"primaryImageOfPage\":{\"@id\":\"http:\/\/collectif-louves.fr\/?page_id=2019#primaryimage\"},\"datePublished\":\"2022-07-24T17:36:09+00:00\",\"dateModified\":\"2022-12-20T00:45:21+00:00\",\"breadcrumb\":{\"@id\":\"http:\/\/collectif-louves.fr\/?page_id=2019#breadcrumb\"},\"inLanguage\":\"fr-FR\",\"potentialAction\":[{\"@type\":\"ReadAction\",\"target\":[\"http:\/\/collectif-louves.fr\/?page_id=2019\"]}]},{\"@type\":\"BreadcrumbList\",\"@id\":\"http:\/\/collectif-louves.fr\/?page_id=2019#breadcrumb\",\"itemListElement\":[{\"@type\":\"ListItem\",\"position\":1,\"name\":\"Accueil\",\"item\":\"http:\/\/collectif-louves.fr\/\"},{\"@type\":\"ListItem\",\"position\":2,\"name\":\"Rimbaud\"}]}]}<\/script>\n<!-- \/ Yoast SEO plugin. -->","yoast_head_json":{"title":"Rimbaud - Collectif LOUVES\/","robots":{"index":"index","follow":"follow","max-snippet":"max-snippet:-1","max-image-preview":"max-image-preview:large","max-video-preview":"max-video-preview:-1"},"canonical":"http:\/\/collectif-louves.fr\/?page_id=2019","og_locale":"fr_FR","og_type":"article","og_title":"Rimbaud - Collectif LOUVES\/","og_description":"http:\/\/collectif-louves.fr\/wp-content\/uploads\/2022\/07\/47430361_2034765090148512_3512860206734245888_n-1-2-1.mp4 Ce voyage nocturne parmi les de\u0301mons rimbaldiens est une lecture a\u0300 9 voix du cre\u0301puscule a\u0300 l\u2019aube de l\u2019\u0153uvre inte\u0301grale de l\u2019auteur. La parole se passe, comme un flambeau, d\u2019une femme a\u0300 l\u2019autre &#8211; faisant plonger les spectateur-ices au c\u0153ur de la nuit. Iels s\u2019assoupissent, re\u0302vent, cauchemardent durant 10 heures, berce\u0301.es par les voix [&hellip;]","og_url":"http:\/\/collectif-louves.fr\/?page_id=2019","og_site_name":"Collectif LOUVES\/","article_modified_time":"2022-12-20T00:45:21+00:00","og_image":[{"url":"http:\/\/collectif-louves.fr\/wp-content\/uploads\/2022\/07\/TITRE-9.png"}],"twitter_card":"summary_large_image","twitter_misc":{"Dur\u00e9e de lecture est.":"3 minutes"},"schema":{"@context":"https:\/\/schema.org","@graph":[{"@type":"WebSite","@id":"http:\/\/collectif-louves.fr\/#website","url":"http:\/\/collectif-louves.fr\/","name":"Collectif LOUVES\/","description":"","potentialAction":[{"@type":"SearchAction","target":{"@type":"EntryPoint","urlTemplate":"http:\/\/collectif-louves.fr\/?s={search_term_string}"},"query-input":"required name=search_term_string"}],"inLanguage":"fr-FR"},{"@type":"ImageObject","@id":"http:\/\/collectif-louves.fr\/?page_id=2019#primaryimage","inLanguage":"fr-FR","url":"http:\/\/collectif-louves.fr\/wp-content\/uploads\/2022\/07\/TITRE-9.png","contentUrl":"http:\/\/collectif-louves.fr\/wp-content\/uploads\/2022\/07\/TITRE-9.png","width":741,"height":164},{"@type":"WebPage","@id":"http:\/\/collectif-louves.fr\/?page_id=2019#webpage","url":"http:\/\/collectif-louves.fr\/?page_id=2019","name":"Rimbaud - Collectif LOUVES\/","isPartOf":{"@id":"http:\/\/collectif-louves.fr\/#website"},"primaryImageOfPage":{"@id":"http:\/\/collectif-louves.fr\/?page_id=2019#primaryimage"},"datePublished":"2022-07-24T17:36:09+00:00","dateModified":"2022-12-20T00:45:21+00:00","breadcrumb":{"@id":"http:\/\/collectif-louves.fr\/?page_id=2019#breadcrumb"},"inLanguage":"fr-FR","potentialAction":[{"@type":"ReadAction","target":["http:\/\/collectif-louves.fr\/?page_id=2019"]}]},{"@type":"BreadcrumbList","@id":"http:\/\/collectif-louves.fr\/?page_id=2019#breadcrumb","itemListElement":[{"@type":"ListItem","position":1,"name":"Accueil","item":"http:\/\/collectif-louves.fr\/"},{"@type":"ListItem","position":2,"name":"Rimbaud"}]}]}},"_links":{"self":[{"href":"http:\/\/collectif-louves.fr\/index.php?rest_route=\/wp\/v2\/pages\/2019"}],"collection":[{"href":"http:\/\/collectif-louves.fr\/index.php?rest_route=\/wp\/v2\/pages"}],"about":[{"href":"http:\/\/collectif-louves.fr\/index.php?rest_route=\/wp\/v2\/types\/page"}],"author":[{"embeddable":true,"href":"http:\/\/collectif-louves.fr\/index.php?rest_route=\/wp\/v2\/users\/1"}],"replies":[{"embeddable":true,"href":"http:\/\/collectif-louves.fr\/index.php?rest_route=%2Fwp%2Fv2%2Fcomments&post=2019"}],"version-history":[{"count":172,"href":"http:\/\/collectif-louves.fr\/index.php?rest_route=\/wp\/v2\/pages\/2019\/revisions"}],"predecessor-version":[{"id":4986,"href":"http:\/\/collectif-louves.fr\/index.php?rest_route=\/wp\/v2\/pages\/2019\/revisions\/4986"}],"wp:attachment":[{"href":"http:\/\/collectif-louves.fr\/index.php?rest_route=%2Fwp%2Fv2%2Fmedia&parent=2019"}],"curies":[{"name":"wp","href":"https:\/\/api.w.org\/{rel}","templated":true}]}}